[INFO] cloning repository https://github.com/LeakyBucket/opencensus
[INFO] running `Command { std: "git" "-c" "credential.helper=" "-c" "credential.helper=/workspace/cargo-home/bin/git-credential-null" "clone" "--bare" "https://github.com/LeakyBucket/opencensus" "/workspace/cache/git-repos/https%3A%2F%2Fgithub.com%2FLeakyBucket%2Fopencensus", kill_on_drop: false }`
[INFO] [stderr] Cloning into bare repository '/workspace/cache/git-repos/https%3A%2F%2Fgithub.com%2FLeakyBucket%2Fopencensus'...
[INFO] running `Command { std: "git" "rev-parse" "HEAD", kill_on_drop: false }`
[INFO] [stdout] 9eaa184c3b11043da77d027fa643fb7b4fdb809e
[INFO] checking LeakyBucket/opencensus against master#9610dfe5a9a731ced1ea4923ecbd0c57fe367898 for beta-170-4
[INFO] running `Command { std: "git" "clone" "/workspace/cache/git-repos/https%3A%2F%2Fgithub.com%2FLeakyBucket%2Fopencensus" "/workspace/builds/worker-3-tc1/source", kill_on_drop: false }`
[INFO] [stderr] Cloning into '/workspace/builds/worker-3-tc1/source'...
[INFO] [stderr] done.
[INFO] validating manifest of git repo https://github.com/LeakyBucket/opencensus on toolchain 9610dfe5a9a731ced1ea4923ecbd0c57fe367898
[INFO] running `Command { std: CARGO_HOME="/workspace/cargo-home" RUSTUP_HOME="/workspace/rustup-home" "/workspace/cargo-home/bin/cargo" "+9610dfe5a9a731ced1ea4923ecbd0c57fe367898" "metadata" "--manifest-path" "Cargo.toml" "--no-deps", kill_on_drop: false }`
[INFO] started tweaking git repo https://github.com/LeakyBucket/opencensus
[INFO] finished tweaking git repo https://github.com/LeakyBucket/opencensus
[INFO] tweaked toml for git repo https://github.com/LeakyBucket/opencensus written to /workspace/builds/worker-3-tc1/source/Cargo.toml
[INFO] crate git repo https://github.com/LeakyBucket/opencensus already has a lockfile, it will not be regenerated
[INFO] running `Command { std: CARGO_HOME="/workspace/cargo-home" RUSTUP_HOME="/workspace/rustup-home" "/workspace/cargo-home/bin/cargo" "+9610dfe5a9a731ced1ea4923ecbd0c57fe367898" "fetch" "--manifest-path" "Cargo.toml", kill_on_drop: false }`
[INFO] [stderr]  Downloading crates ...
[INFO] [stderr]   Downloaded rand v0.6.0
[INFO] [stderr]   Downloaded rand_isaac v0.1.0
[INFO] running `Command { std: "docker" "create" "-v" "/var/lib/crater-agent-workspace/builds/worker-3-tc1/target:/opt/rustwide/target:rw,Z" "-v" "/var/lib/crater-agent-workspace/builds/worker-3-tc1/source:/opt/rustwide/workdir:ro,Z" "-v" "/var/lib/crater-agent-workspace/cargo-home:/opt/rustwide/cargo-home:ro,Z" "-v" "/var/lib/crater-agent-workspace/rustup-home:/opt/rustwide/rustup-home:ro,Z" "-e" "SOURCE_DIR=/opt/rustwide/workdir" "-e" "CARGO_TARGET_DIR=/opt/rustwide/target" "-e" "CARGO_HOME=/opt/rustwide/cargo-home" "-e" "RUSTUP_HOME=/opt/rustwide/rustup-home" "-w" "/opt/rustwide/workdir" "-m" "1610612736" "--user" "0:0" "--network" "none" "ghcr.io/rust-lang/crates-build-env/linux@sha256:19e73879b68f455e41552ea35293514db52ea292d993f571636dbffedb77a1ee" "/opt/rustwide/cargo-home/bin/cargo" "+9610dfe5a9a731ced1ea4923ecbd0c57fe367898" "metadata" "--no-deps" "--format-version=1", kill_on_drop: false }`
[INFO] [stdout] f6d9f6ae95d09e45ca992c9fd408602522792520bccd19e13fd505b743a6ae52
[INFO] running `Command { std: "docker" "start" "-a" "f6d9f6ae95d09e45ca992c9fd408602522792520bccd19e13fd505b743a6ae52", kill_on_drop: false }`
[INFO] running `Command { std: "docker" "inspect" "f6d9f6ae95d09e45ca992c9fd408602522792520bccd19e13fd505b743a6ae52", kill_on_drop: false }`
[INFO] running `Command { std: "docker" "rm" "-f" "f6d9f6ae95d09e45ca992c9fd408602522792520bccd19e13fd505b743a6ae52", kill_on_drop: false }`
[INFO] [stdout] f6d9f6ae95d09e45ca992c9fd408602522792520bccd19e13fd505b743a6ae52
[INFO] running `Command { std: "docker" "create" "-v" "/var/lib/crater-agent-workspace/builds/worker-3-tc1/target:/opt/rustwide/target:rw,Z" "-v" "/var/lib/crater-agent-workspace/builds/worker-3-tc1/source:/opt/rustwide/workdir:ro,Z" "-v" "/var/lib/crater-agent-workspace/cargo-home:/opt/rustwide/cargo-home:ro,Z" "-v" "/var/lib/crater-agent-workspace/rustup-home:/opt/rustwide/rustup-home:ro,Z" "-e" "SOURCE_DIR=/opt/rustwide/workdir" "-e" "CARGO_TARGET_DIR=/opt/rustwide/target" "-e" "CARGO_INCREMENTAL=0" "-e" "RUST_BACKTRACE=full" "-e" "RUSTFLAGS=--cap-lints=forbid" "-e" "RUSTDOCFLAGS=--cap-lints=forbid" "-e" "CARGO_HOME=/opt/rustwide/cargo-home" "-e" "RUSTUP_HOME=/opt/rustwide/rustup-home" "-w" "/opt/rustwide/workdir" "-m" "1610612736" "--user" "0:0" "--network" "none" "ghcr.io/rust-lang/crates-build-env/linux@sha256:19e73879b68f455e41552ea35293514db52ea292d993f571636dbffedb77a1ee" "/opt/rustwide/cargo-home/bin/cargo" "+9610dfe5a9a731ced1ea4923ecbd0c57fe367898" "check" "--frozen" "--all" "--all-targets" "--message-format=json", kill_on_drop: false }`
[INFO] [stdout] 70c3d0fba7e666a7b7228d01d6b875a94e2e977dace6db476d3d8a1d356cb13f
[INFO] running `Command { std: "docker" "start" "-a" "70c3d0fba7e666a7b7228d01d6b875a94e2e977dace6db476d3d8a1d356cb13f", kill_on_drop: false }`
[INFO] [stderr]    Compiling rand_pcg v0.1.1
[INFO] [stderr]    Compiling rand_chacha v0.1.0
[INFO] [stderr]    Compiling rand v0.6.0
[INFO] [stderr]     Checking rand_xorshift v0.1.0
[INFO] [stderr]     Checking rand_hc v0.1.0
[INFO] [stderr]     Checking rand_isaac v0.1.0
[INFO] [stderr]     Checking uuid v0.7.1
[INFO] [stderr]     Checking opencensus v0.1.0 (/opt/rustwide/workdir)
[INFO] [stdout] error[E0425]: cannot find value `trace_opts` in this scope
[INFO] [stdout]    --> src/trace/mod.rs:100:22
[INFO] [stdout]     |
[INFO] [stdout] 100 |             options: trace_opts,
[INFO] [stdout]     |                      ^^^^^^^^^^ not found in this scope
[INFO] [stdout] 
[INFO] [stdout] 
[INFO] [stdout] error[E0425]: cannot find value `state` in this scope
[INFO] [stdout]    --> src/trace/mod.rs:101:20
[INFO] [stdout]     |
[INFO] [stdout] 101 |             state: state,
[INFO] [stdout]     |                    ^^^^^ a field by this name exists in `Self`
[INFO] [stdout] 
[INFO] [stdout] 
[INFO] [stdout] error[E0425]: cannot find value `trace_opts` in this scope
[INFO] [stdout]    --> src/trace/mod.rs:100:22
[INFO] [stdout]     |
[INFO] [stdout] 100 |             options: trace_opts,
[INFO] [stdout]     |                      ^^^^^^^^^^ not found in this scope
[INFO] [stdout] 
[INFO] [stdout] 
[INFO] [stdout] error[E0425]: cannot find value `state` in this scope
[INFO] [stdout]    --> src/trace/mod.rs:101:20
[INFO] [stdout]     |
[INFO] [stdout] 101 |             state: state,
[INFO] [stdout]     |                    ^^^^^ a field by this name exists in `Self`
[INFO] [stdout] 
[INFO] [stdout] 
[INFO] [stdout] error: aborting due to 2 previous errors
[INFO] [stdout] 
[INFO] [stdout] 
[INFO] [stdout] For more information about this error, try `rustc --explain E0425`.
[INFO] [stdout] 
[INFO] [stderr] error: could not compile `opencensus` (lib) due to 3 previous errors
[INFO] [stderr] warning: build failed, waiting for other jobs to finish...
[INFO] [stdout] error: aborting due to 2 previous errors
[INFO] [stdout] 
[INFO] [stdout] 
[INFO] [stdout] For more information about this error, try `rustc --explain E0425`.
[INFO] [stdout] 
[INFO] [stderr] error: could not compile `opencensus` (lib test) due to 3 previous errors
[INFO] running `Command { std: "docker" "inspect" "70c3d0fba7e666a7b7228d01d6b875a94e2e977dace6db476d3d8a1d356cb13f", kill_on_drop: false }`
[INFO] running `Command { std: "docker" "rm" "-f" "70c3d0fba7e666a7b7228d01d6b875a94e2e977dace6db476d3d8a1d356cb13f", kill_on_drop: false }`
[INFO] [stdout] 70c3d0fba7e666a7b7228d01d6b875a94e2e977dace6db476d3d8a1d356cb13f
